{"id":709,"date":"2026-02-21T12:14:16","date_gmt":"2026-02-21T15:14:16","guid":{"rendered":"https:\/\/expoqueijobrasil.com.br\/o-forum\/"},"modified":"2026-03-14T09:56:25","modified_gmt":"2026-03-14T12:56:25","slug":"o-forum","status":"publish","type":"page","link":"https:\/\/expoqueijobrasil.com.br\/fr\/o-forum\/","title":{"rendered":"Le Forum | Ateliers"},"content":{"rendered":"\t\t<div data-elementor-type=\"wp-page\" data-elementor-id=\"709\" class=\"elementor elementor-709 elementor-18\" data-elementor-post-type=\"page\">\n\t\t\t\t<div class=\"elementor-element elementor-element-131c4a0 e-con-full e-flex e-con e-parent\" data-id=\"131c4a0\" data-element_type=\"container\" data-e-type=\"container\" data-settings=\"{&quot;background_background&quot;:&quot;classic&quot;}\">\n\t\t\t\t<div class=\"elementor-element elementor-element-1128f44 expo-text-reveal elementor-widget elementor-widget-heading\" data-id=\"1128f44\" data-element_type=\"widget\" data-e-type=\"widget\" data-widget_type=\"heading.default\">\n\t\t\t\t\t<h1 class=\"elementor-heading-title elementor-size-default\">Le Forum | Ateliers<\/h1>\t\t\t\t<\/div>\n\t\t\t\t<div class=\"elementor-element elementor-element-00cb416 expo-word-reveal elementor-widget elementor-widget-text-editor\" data-id=\"00cb416\" data-element_type=\"widget\" data-e-type=\"widget\" data-widget_type=\"text-editor.default\">\n\t\t\t\t\t\t\t\t\t<p style=\"text-align:center; color: rgba(255,255,255,0.7); font-family: Montserrat; font-size: 16px; letter-spacing: 2px; text-transform: uppercase; margin-top: 16px;\">Connaissance et Formation<\/p>\t\t\t\t\t\t\t\t<\/div>\n\t\t\t\t<\/div>\n\t\t<div class=\"elementor-element elementor-element-9b834e1 e-con-boxed e-flex e-con e-parent\" data-id=\"9b834e1\" data-element_type=\"container\" data-e-type=\"container\" data-settings=\"{&quot;background_background&quot;:&quot;classic&quot;}\">\n\t\t\t\t\t<div class=\"e-con-inner\">\n\t\t\t\t<div class=\"elementor-element elementor-element-0d3c02a expo-text-reveal elementor-widget elementor-widget-text-editor\" data-id=\"0d3c02a\" data-element_type=\"widget\" data-e-type=\"widget\" data-widget_type=\"text-editor.default\">\n\t\t\t\t\t\t\t\t\t<h2 style=\"font-family: DM Serif Display; font-size: 36px; margin-bottom: 24px;\">Forum de Connaissances<\/h2>\n<p>Le Forum de l&rsquo;ExpoQueijo r\u00e9unit les plus grands sp\u00e9cialistes du secteur fromager national et international. Ce sont des conf\u00e9rences, des panels et des d\u00e9bats qui abordent des techniques de production aux tendances du march\u00e9.<\/p>\t\t\t\t\t\t\t\t<\/div>\n\t\t\t\t\t<\/div>\n\t\t\t\t<\/div>\n\t\t<div class=\"elementor-element elementor-element-04fd7c0 e-con-boxed e-flex e-con e-parent\" data-id=\"04fd7c0\" data-element_type=\"container\" data-e-type=\"container\" data-settings=\"{&quot;background_background&quot;:&quot;classic&quot;}\">\n\t\t\t\t\t<div class=\"e-con-inner\">\n\t\t\t\t<div class=\"elementor-element elementor-element-80d0b51 expo-text-reveal elementor-widget elementor-widget-text-editor\" data-id=\"80d0b51\" data-element_type=\"widget\" data-e-type=\"widget\" data-widget_type=\"text-editor.default\">\n\t\t\t\t\t\t\t\t\t<h2 style=\"font-family: DM Serif Display; font-size: 36px; color: #FFFFFF; margin-bottom: 24px;\">Ateliers Pratiques<\/h2>\n<p style=\"color: rgba(255,255,255,0.85);\">Les ateliers offrent des exp\u00e9riences pratiques avec des ma\u00eetres fromagers, sommeliers et chefs renomm\u00e9s. Apprenez des techniques d&rsquo;affinage, d&rsquo;harmonisation et de cr\u00e9ation de recettes exclusives avec des fromages artisanaux.<\/p>\t\t\t\t\t\t\t\t<\/div>\n\t\t\t\t\t<\/div>\n\t\t\t\t<\/div>\n\t\t<div class=\"elementor-element elementor-element-8ab46b4 e-con-boxed e-flex e-con e-parent\" data-id=\"8ab46b4\" data-element_type=\"container\" data-e-type=\"container\" data-settings=\"{&quot;background_background&quot;:&quot;classic&quot;}\">\n\t\t\t\t\t<div class=\"e-con-inner\">\n\t\t\t\t<div class=\"elementor-element elementor-element-83f42b9 elementor-widget elementor-widget-heading\" data-id=\"83f42b9\" data-element_type=\"widget\" data-e-type=\"widget\" data-widget_type=\"heading.default\">\n\t\t\t\t\t<h2 class=\"elementor-heading-title elementor-size-default\">Consultez le Programme Complet<\/h2>\t\t\t\t<\/div>\n\t\t\t\t<div class=\"elementor-element elementor-element-6a600c6 elementor-align-center elementor-button-default expo-btn expo-btn-accent elementor-widget elementor-widget-button\" data-id=\"6a600c6\" data-element_type=\"widget\" data-e-type=\"widget\" data-widget_type=\"button.default\">\n\t\t\t\t\t\t\t\t\t\t<a class=\"elementor-button elementor-button-link elementor-size-sm\" href=\"\/programacao\/\">\n\t\t\t\t\t\t<span class=\"elementor-button-content-wrapper\">\n\t\t\t\t\t\t\t\t\t<span class=\"elementor-button-text\">Voir la programmation<\/span>\n\t\t\t\t\t<\/span>\n\t\t\t\t\t<\/a>\n\t\t\t\t\t\t\t\t<\/div>\n\t\t\t\t\t<\/div>\n\t\t\t\t<\/div>\n\t\t\t\t<\/div>\n\t\t","protected":false},"excerpt":{"rendered":"<p>Forum international et ateliers de l&rsquo;ExpoQueijo Br\u00e9sil 2026. Conf\u00e9rences, ateliers et d\u00e9bats sur le fromage artisanal.<\/p>\n","protected":false},"author":2,"featured_media":0,"parent":0,"menu_order":3,"comment_status":"closed","ping_status":"closed","template":"elementor_header_footer","meta":{"_acf_changed":false,"footnotes":""},"class_list":["post-709","page","type-page","status-publish","hentry"],"acf":[],"_links":{"self":[{"href":"https:\/\/expoqueijobrasil.com.br\/fr\/wp-json\/wp\/v2\/pages\/709","targetHints":{"allow":["GET"]}}],"collection":[{"href":"https:\/\/expoqueijobrasil.com.br\/fr\/wp-json\/wp\/v2\/pages"}],"about":[{"href":"https:\/\/expoqueijobrasil.com.br\/fr\/wp-json\/wp\/v2\/types\/page"}],"author":[{"embeddable":true,"href":"https:\/\/expoqueijobrasil.com.br\/fr\/wp-json\/wp\/v2\/users\/2"}],"replies":[{"embeddable":true,"href":"https:\/\/expoqueijobrasil.com.br\/fr\/wp-json\/wp\/v2\/comments?post=709"}],"version-history":[{"count":1,"href":"https:\/\/expoqueijobrasil.com.br\/fr\/wp-json\/wp\/v2\/pages\/709\/revisions"}],"predecessor-version":[{"id":710,"href":"https:\/\/expoqueijobrasil.com.br\/fr\/wp-json\/wp\/v2\/pages\/709\/revisions\/710"}],"wp:attachment":[{"href":"https:\/\/expoqueijobrasil.com.br\/fr\/wp-json\/wp\/v2\/media?parent=709"}],"curies":[{"name":"wp","href":"https:\/\/api.w.org\/{rel}","templated":true}]}}

<div data-elementor-type="wp-page" data-elementor-id="709" class="elementor elementor-709 elementor-18" data-elementor-post-type="page">
				<div class="elementor-element elementor-element-131c4a0 e-con-full e-flex e-con e-parent" data-id="131c4a0" data-element_type="container" data-e-type="container" data-settings="{&quot;background_background&quot;:&quot;classic&quot;}">
				<div class="elementor-element elementor-element-1128f44 expo-text-reveal elementor-widget elementor-widget-heading" data-id="1128f44" data-element_type="widget" data-e-type="widget" data-widget_type="heading.default">
					<h1 class="elementor-heading-title elementor-size-default">Le Forum | Ateliers</h1>				</div>
				<div class="elementor-element elementor-element-00cb416 expo-word-reveal elementor-widget elementor-widget-text-editor" data-id="00cb416" data-element_type="widget" data-e-type="widget" data-widget_type="text-editor.default">
									<p style="text-align:center; color: rgba(255,255,255,0.7); font-family: Montserrat; font-size: 16px; letter-spacing: 2px; text-transform: uppercase; margin-top: 16px;">Connaissance et Formation</p>								</div>
				</div>
		<div class="elementor-element elementor-element-9b834e1 e-con-boxed e-flex e-con e-parent" data-id="9b834e1" data-element_type="container" data-e-type="container" data-settings="{&quot;background_background&quot;:&quot;classic&quot;}">
					<div class="e-con-inner">
				<div class="elementor-element elementor-element-0d3c02a expo-text-reveal elementor-widget elementor-widget-text-editor" data-id="0d3c02a" data-element_type="widget" data-e-type="widget" data-widget_type="text-editor.default">
									<h2 style="font-family: DM Serif Display; font-size: 36px; margin-bottom: 24px;">Forum de Connaissances</h2>
<p>Le Forum de l&rsquo;ExpoQueijo réunit les plus grands spécialistes du secteur fromager national et international. Ce sont des conférences, des panels et des débats qui abordent des techniques de production aux tendances du marché.</p>								</div>
					</div>
				</div>
		<div class="elementor-element elementor-element-04fd7c0 e-con-boxed e-flex e-con e-parent" data-id="04fd7c0" data-element_type="container" data-e-type="container" data-settings="{&quot;background_background&quot;:&quot;classic&quot;}">
					<div class="e-con-inner">
				<div class="elementor-element elementor-element-80d0b51 expo-text-reveal elementor-widget elementor-widget-text-editor" data-id="80d0b51" data-element_type="widget" data-e-type="widget" data-widget_type="text-editor.default">
									<h2 style="font-family: DM Serif Display; font-size: 36px; color: #FFFFFF; margin-bottom: 24px;">Ateliers Pratiques</h2>
<p style="color: rgba(255,255,255,0.85);">Les ateliers offrent des expériences pratiques avec des maîtres fromagers, sommeliers et chefs renommés. Apprenez des techniques d&rsquo;affinage, d&rsquo;harmonisation et de création de recettes exclusives avec des fromages artisanaux.</p>								</div>
					</div>
				</div>
		<div class="elementor-element elementor-element-8ab46b4 e-con-boxed e-flex e-con e-parent" data-id="8ab46b4" data-element_type="container" data-e-type="container" data-settings="{&quot;background_background&quot;:&quot;classic&quot;}">
					<div class="e-con-inner">
				<div class="elementor-element elementor-element-83f42b9 elementor-widget elementor-widget-heading" data-id="83f42b9" data-element_type="widget" data-e-type="widget" data-widget_type="heading.default">
					<h2 class="elementor-heading-title elementor-size-default">Consultez le Programme Complet</h2>				</div>
				<div class="elementor-element elementor-element-6a600c6 elementor-align-center elementor-button-default expo-btn expo-btn-accent elementor-widget elementor-widget-button" data-id="6a600c6" data-element_type="widget" data-e-type="widget" data-widget_type="button.default">
										<a class="elementor-button elementor-button-link elementor-size-sm" href="/programacao/">
						<span class="elementor-button-content-wrapper">
									<span class="elementor-button-text">Voir la programmation</span>
					</span>
					</a>
								</div>
					</div>
				</div>
				</div>

<p>Forum international et ateliers de l&rsquo;ExpoQueijo Brésil 2026. Conférences, ateliers et débats sur le fromage artisanal.</p>
