{"id":673,"date":"2026-02-21T12:14:16","date_gmt":"2026-02-21T15:14:16","guid":{"rendered":"https:\/\/expoqueijobrasil.com.br\/local-do-evento\/"},"modified":"2026-03-14T09:55:10","modified_gmt":"2026-03-14T12:55:10","slug":"local-do-evento","status":"publish","type":"page","link":"https:\/\/expoqueijobrasil.com.br\/fr\/local-do-evento\/","title":{"rendered":"Lieu de l&rsquo;\u00c9v\u00e9nement"},"content":{"rendered":"\t\t<div data-elementor-type=\"wp-page\" data-elementor-id=\"673\" class=\"elementor elementor-673 elementor-16\" data-elementor-post-type=\"page\">\n\t\t\t\t<div class=\"elementor-element elementor-element-87d0bca e-con-full e-flex e-con e-parent\" data-id=\"87d0bca\" data-element_type=\"container\" data-e-type=\"container\" data-settings=\"{&quot;background_background&quot;:&quot;classic&quot;}\">\n\t\t\t\t<div class=\"elementor-element elementor-element-38c0c98 expo-text-reveal elementor-widget elementor-widget-heading\" data-id=\"38c0c98\" data-element_type=\"widget\" data-e-type=\"widget\" data-widget_type=\"heading.default\">\n\t\t\t\t\t<h1 class=\"elementor-heading-title elementor-size-default\">Lieu de l'\u00c9v\u00e9nement<\/h1>\t\t\t\t<\/div>\n\t\t\t\t<div class=\"elementor-element elementor-element-1121eef expo-word-reveal elementor-widget elementor-widget-text-editor\" data-id=\"1121eef\" data-element_type=\"widget\" data-e-type=\"widget\" data-widget_type=\"text-editor.default\">\n\t\t\t\t\t\t\t\t\t<p style=\"text-align:center; color: rgba(255,255,255,0.7); font-family: Montserrat; font-size: 16px; letter-spacing: 2px; text-transform: uppercase; margin-top: 16px;\">Grand H\u00f4tel Termas de Arax\u00e1<\/p>\t\t\t\t\t\t\t\t<\/div>\n\t\t\t\t<\/div>\n\t\t<div class=\"elementor-element elementor-element-7356812 e-con-boxed e-flex e-con e-parent\" data-id=\"7356812\" data-element_type=\"container\" data-e-type=\"container\" data-settings=\"{&quot;background_background&quot;:&quot;classic&quot;}\">\n\t\t\t\t\t<div class=\"e-con-inner\">\n\t\t<div class=\"elementor-element elementor-element-073df74 e-con-full e-flex e-con e-child\" data-id=\"073df74\" data-element_type=\"container\" data-e-type=\"container\">\n\t\t\t\t<div class=\"elementor-element elementor-element-3e330ac expo-text-reveal elementor-widget elementor-widget-text-editor\" data-id=\"3e330ac\" data-element_type=\"widget\" data-e-type=\"widget\" data-widget_type=\"text-editor.default\">\n\t\t\t\t\t\t\t\t\t<h2 style=\"font-family: DM Serif Display; font-size: 36px; margin-bottom: 24px;\">Grand H\u00f4tel Termas de Arax\u00e1<\/h2>\n                <p>L&rsquo;un des h\u00f4tels les plus beaux et embl\u00e9matiques du Br\u00e9sil, le Grand H\u00f4tel Termas de Arax\u00e1 est le cadre parfait pour l&rsquo;ExpoQueijo Br\u00e9sil. Avec son architecture imposante et ses jardins luxuriants, l&rsquo;h\u00f4tel offre une exp\u00e9rience unique aux participants.<\/p>\n                <p><strong>Adresse :<\/strong> Est\u00e2ncia do Barreiro, s\/n \u2014 Arax\u00e1, MG<\/p>\t\t\t\t\t\t\t\t<\/div>\n\t\t\t\t<\/div>\n\t\t<div class=\"elementor-element elementor-element-8d9bbc9 e-con-full e-flex e-con e-child\" data-id=\"8d9bbc9\" data-element_type=\"container\" data-e-type=\"container\">\n\t\t\t\t<div class=\"elementor-element elementor-element-205b22c expo-text-reveal elementor-widget elementor-widget-text-editor\" data-id=\"205b22c\" data-element_type=\"widget\" data-e-type=\"widget\" data-widget_type=\"text-editor.default\">\n\t\t\t\t\t\t\t\t\t<h3 style=\"font-family: DM Serif Display; font-size: 28px; margin-bottom: 16px;\">Infrastructure<\/h3>\n<p>Le complexe thermal offre de vastes espaces pour toutes les activit\u00e9s de l&rsquo;\u00e9v\u00e9nement, y compris des zones d&rsquo;exposition, des salles pour conf\u00e9rences et ateliers, et des environnements pour la d\u00e9gustation.<\/p>\n<p>La r\u00e9gion d&rsquo;Arax\u00e1 est reconnue comme l&rsquo;un des plus grands p\u00f4les de production de fromage artisanal du Minas Gerais.<\/p>\t\t\t\t\t\t\t\t<\/div>\n\t\t\t\t<\/div>\n\t\t\t\t\t<\/div>\n\t\t\t\t<\/div>\n\t\t<div class=\"elementor-element elementor-element-ddb80bb e-con-boxed e-flex e-con e-parent\" data-id=\"ddb80bb\" data-element_type=\"container\" data-e-type=\"container\" data-settings=\"{&quot;background_background&quot;:&quot;classic&quot;}\">\n\t\t\t\t\t<div class=\"e-con-inner\">\n\t\t\t\t<div class=\"elementor-element elementor-element-ca06deb elementor-widget elementor-widget-heading\" data-id=\"ca06deb\" data-element_type=\"widget\" data-e-type=\"widget\" data-widget_type=\"heading.default\">\n\t\t\t\t\t<h2 class=\"elementor-heading-title elementor-size-default\">Comment arriver<\/h2>\t\t\t\t<\/div>\n\t\t\t\t<div class=\"elementor-element elementor-element-3b8caa0 elementor-align-center elementor-button-default expo-btn expo-btn-accent elementor-widget elementor-widget-button\" data-id=\"3b8caa0\" data-element_type=\"widget\" data-e-type=\"widget\" data-widget_type=\"button.default\">\n\t\t\t\t\t\t\t\t\t\t<a class=\"elementor-button elementor-button-link elementor-size-sm\" href=\"https:\/\/maps.google.com\/?q=Grande+Hotel+Termas+Araxa\">\n\t\t\t\t\t\t<span class=\"elementor-button-content-wrapper\">\n\t\t\t\t\t\t\t\t\t<span class=\"elementor-button-text\">Voir sur la carte<\/span>\n\t\t\t\t\t<\/span>\n\t\t\t\t\t<\/a>\n\t\t\t\t\t\t\t\t<\/div>\n\t\t\t\t\t<\/div>\n\t\t\t\t<\/div>\n\t\t\t\t<\/div>\n\t\t","protected":false},"excerpt":{"rendered":"<p>Grande Hotel Termas de Arax\u00e1 \u2014 Lieu de l&rsquo;ExpoQueijo Br\u00e9sil 2026. D\u00e9couvrez comment y arriver, les transports et les informations sur le lieu.<\/p>\n","protected":false},"author":2,"featured_media":0,"parent":0,"menu_order":1,"comment_status":"closed","ping_status":"closed","template":"elementor_header_footer","meta":{"_acf_changed":false,"footnotes":""},"class_list":["post-673","page","type-page","status-publish","hentry"],"acf":[],"_links":{"self":[{"href":"https:\/\/expoqueijobrasil.com.br\/fr\/wp-json\/wp\/v2\/pages\/673","targetHints":{"allow":["GET"]}}],"collection":[{"href":"https:\/\/expoqueijobrasil.com.br\/fr\/wp-json\/wp\/v2\/pages"}],"about":[{"href":"https:\/\/expoqueijobrasil.com.br\/fr\/wp-json\/wp\/v2\/types\/page"}],"author":[{"embeddable":true,"href":"https:\/\/expoqueijobrasil.com.br\/fr\/wp-json\/wp\/v2\/users\/2"}],"replies":[{"embeddable":true,"href":"https:\/\/expoqueijobrasil.com.br\/fr\/wp-json\/wp\/v2\/comments?post=673"}],"version-history":[{"count":2,"href":"https:\/\/expoqueijobrasil.com.br\/fr\/wp-json\/wp\/v2\/pages\/673\/revisions"}],"predecessor-version":[{"id":702,"href":"https:\/\/expoqueijobrasil.com.br\/fr\/wp-json\/wp\/v2\/pages\/673\/revisions\/702"}],"wp:attachment":[{"href":"https:\/\/expoqueijobrasil.com.br\/fr\/wp-json\/wp\/v2\/media?parent=673"}],"curies":[{"name":"wp","href":"https:\/\/api.w.org\/{rel}","templated":true}]}}

Lieu de l&rsquo;Événement

<div data-elementor-type="wp-page" data-elementor-id="673" class="elementor elementor-673 elementor-16" data-elementor-post-type="page">
				<div class="elementor-element elementor-element-87d0bca e-con-full e-flex e-con e-parent" data-id="87d0bca" data-element_type="container" data-e-type="container" data-settings="{&quot;background_background&quot;:&quot;classic&quot;}">
				<div class="elementor-element elementor-element-38c0c98 expo-text-reveal elementor-widget elementor-widget-heading" data-id="38c0c98" data-element_type="widget" data-e-type="widget" data-widget_type="heading.default">
					<h1 class="elementor-heading-title elementor-size-default">Lieu de l'Événement</h1>				</div>
				<div class="elementor-element elementor-element-1121eef expo-word-reveal elementor-widget elementor-widget-text-editor" data-id="1121eef" data-element_type="widget" data-e-type="widget" data-widget_type="text-editor.default">
									<p style="text-align:center; color: rgba(255,255,255,0.7); font-family: Montserrat; font-size: 16px; letter-spacing: 2px; text-transform: uppercase; margin-top: 16px;">Grand Hôtel Termas de Araxá</p>								</div>
				</div>
		<div class="elementor-element elementor-element-7356812 e-con-boxed e-flex e-con e-parent" data-id="7356812" data-element_type="container" data-e-type="container" data-settings="{&quot;background_background&quot;:&quot;classic&quot;}">
					<div class="e-con-inner">
		<div class="elementor-element elementor-element-073df74 e-con-full e-flex e-con e-child" data-id="073df74" data-element_type="container" data-e-type="container">
				<div class="elementor-element elementor-element-3e330ac expo-text-reveal elementor-widget elementor-widget-text-editor" data-id="3e330ac" data-element_type="widget" data-e-type="widget" data-widget_type="text-editor.default">
									<h2 style="font-family: DM Serif Display; font-size: 36px; margin-bottom: 24px;">Grand Hôtel Termas de Araxá</h2>
                <p>L&rsquo;un des hôtels les plus beaux et emblématiques du Brésil, le Grand Hôtel Termas de Araxá est le cadre parfait pour l&rsquo;ExpoQueijo Brésil. Avec son architecture imposante et ses jardins luxuriants, l&rsquo;hôtel offre une expérience unique aux participants.</p>
                <p><strong>Adresse :</strong> Estância do Barreiro, s/n — Araxá, MG</p>								</div>
				</div>
		<div class="elementor-element elementor-element-8d9bbc9 e-con-full e-flex e-con e-child" data-id="8d9bbc9" data-element_type="container" data-e-type="container">
				<div class="elementor-element elementor-element-205b22c expo-text-reveal elementor-widget elementor-widget-text-editor" data-id="205b22c" data-element_type="widget" data-e-type="widget" data-widget_type="text-editor.default">
									<h3 style="font-family: DM Serif Display; font-size: 28px; margin-bottom: 16px;">Infrastructure</h3>
<p>Le complexe thermal offre de vastes espaces pour toutes les activités de l&rsquo;événement, y compris des zones d&rsquo;exposition, des salles pour conférences et ateliers, et des environnements pour la dégustation.</p>
<p>La région d&rsquo;Araxá est reconnue comme l&rsquo;un des plus grands pôles de production de fromage artisanal du Minas Gerais.</p>								</div>
				</div>
					</div>
				</div>
		<div class="elementor-element elementor-element-ddb80bb e-con-boxed e-flex e-con e-parent" data-id="ddb80bb" data-element_type="container" data-e-type="container" data-settings="{&quot;background_background&quot;:&quot;classic&quot;}">
					<div class="e-con-inner">
				<div class="elementor-element elementor-element-ca06deb elementor-widget elementor-widget-heading" data-id="ca06deb" data-element_type="widget" data-e-type="widget" data-widget_type="heading.default">
					<h2 class="elementor-heading-title elementor-size-default">Comment arriver</h2>				</div>
				<div class="elementor-element elementor-element-3b8caa0 elementor-align-center elementor-button-default expo-btn expo-btn-accent elementor-widget elementor-widget-button" data-id="3b8caa0" data-element_type="widget" data-e-type="widget" data-widget_type="button.default">
										<a class="elementor-button elementor-button-link elementor-size-sm" href="https://maps.google.com/?q=Grande+Hotel+Termas+Araxa">
						<span class="elementor-button-content-wrapper">
									<span class="elementor-button-text">Voir sur la carte</span>
					</span>
					</a>
								</div>
					</div>
				</div>
				</div>

<p>Grande Hotel Termas de Araxá — Lieu de l&rsquo;ExpoQueijo Brésil 2026. Découvrez comment y arriver, les transports et les informations sur le lieu.</p>
