{"id":659,"date":"2026-02-21T12:14:16","date_gmt":"2026-02-21T15:14:16","guid":{"rendered":"https:\/\/expoqueijobrasil.com.br\/evento\/"},"modified":"2026-03-14T09:54:25","modified_gmt":"2026-03-14T12:54:25","slug":"evento","status":"publish","type":"page","link":"https:\/\/expoqueijobrasil.com.br\/fr\/evento\/","title":{"rendered":"\u00c9v\u00e9nement"},"content":{"rendered":"\t\t<div data-elementor-type=\"wp-page\" data-elementor-id=\"659\" class=\"elementor elementor-659 elementor-15\" data-elementor-post-type=\"page\">\n\t\t\t\t<div class=\"elementor-element elementor-element-b6daa67 e-con-full e-flex e-con e-parent\" data-id=\"b6daa67\" data-element_type=\"container\" data-e-type=\"container\" data-settings=\"{&quot;background_background&quot;:&quot;classic&quot;}\">\n\t\t\t\t<div class=\"elementor-element elementor-element-7af37e0 expo-text-reveal elementor-widget elementor-widget-heading\" data-id=\"7af37e0\" data-element_type=\"widget\" data-e-type=\"widget\" data-widget_type=\"heading.default\">\n\t\t\t\t\t<h1 class=\"elementor-heading-title elementor-size-default\">L'\u00c9v\u00e9nement<\/h1>\t\t\t\t<\/div>\n\t\t\t\t<div class=\"elementor-element elementor-element-01fe658 expo-word-reveal elementor-widget elementor-widget-text-editor\" data-id=\"01fe658\" data-element_type=\"widget\" data-e-type=\"widget\" data-widget_type=\"text-editor.default\">\n\t\t\t\t\t\t\t\t\t<p style=\"text-align:center; color: rgba(255,255,255,0.7); font-family: Montserrat; font-size: 16px; letter-spacing: 2px; text-transform: uppercase; margin-top: 16px;\">ExpoQueijo Br\u00e9sil 2026<\/p>\t\t\t\t\t\t\t\t<\/div>\n\t\t\t\t<\/div>\n\t\t<div class=\"elementor-element elementor-element-ddd0b22 e-con-boxed e-flex e-con e-parent\" data-id=\"ddd0b22\" data-element_type=\"container\" data-e-type=\"container\" data-settings=\"{&quot;background_background&quot;:&quot;classic&quot;}\">\n\t\t\t\t\t<div class=\"e-con-inner\">\n\t\t\t\t<div class=\"elementor-element elementor-element-f097b58 expo-text-reveal elementor-widget elementor-widget-text-editor\" data-id=\"f097b58\" data-element_type=\"widget\" data-e-type=\"widget\" data-widget_type=\"text-editor.default\">\n\t\t\t\t\t\t\t\t\t<h2 style=\"font-family: DM Serif Display; font-size: 36px; margin-bottom: 24px;\">La plus grande c\u00e9l\u00e9bration du fromage artisanal br\u00e9silien<\/h2>\n<p>L&rsquo;ExpoQueijo Br\u00e9sil est le plus grand \u00e9v\u00e9nement d\u00e9di\u00e9 au fromage artisanal d&rsquo;Am\u00e9rique latine. Lors de sa 6\u00e8me \u00e9dition, l&rsquo;\u00e9v\u00e9nement r\u00e9unit producteurs, affineurs, chefs, sommeliers et amateurs de tout le Br\u00e9sil et du monde entier.<\/p>\n<p>Organis\u00e9 dans l&#8217;embl\u00e9matique Grand H\u00f4tel Termas de Arax\u00e1, \u00e0 Minas Gerais, l&rsquo;\u00e9v\u00e9nement est une c\u00e9l\u00e9bration de la culture, de la tradition et de l&rsquo;innovation du fromage artisanal br\u00e9silien.<\/p>\t\t\t\t\t\t\t\t<\/div>\n\t\t\t\t\t<\/div>\n\t\t\t\t<\/div>\n\t\t<div class=\"elementor-element elementor-element-d8c46ab e-con-boxed e-flex e-con e-parent\" data-id=\"d8c46ab\" data-element_type=\"container\" data-e-type=\"container\" data-settings=\"{&quot;background_background&quot;:&quot;classic&quot;}\">\n\t\t\t\t\t<div class=\"e-con-inner\">\n\t\t<div class=\"elementor-element elementor-element-4221791 e-con-full e-flex e-con e-child\" data-id=\"4221791\" data-element_type=\"container\" data-e-type=\"container\">\n\t\t\t\t<div class=\"elementor-element elementor-element-4aeca71 expo-text-reveal elementor-widget elementor-widget-text-editor\" data-id=\"4aeca71\" data-element_type=\"widget\" data-e-type=\"widget\" data-widget_type=\"text-editor.default\">\n\t\t\t\t\t\t\t\t\t<h3 style=\"font-family: DM Serif Display; font-size: 28px; margin-bottom: 16px;\">25 au 28 juin 2026<\/h3>\n                <p><strong>Lieu :<\/strong> Grand H\u00f4tel Termas de Arax\u00e1<br>\n                <strong>Ville :<\/strong> Arax\u00e1, Minas Gerais<br>\n                <strong>\u00c9dition :<\/strong> 6\u00e8me ExpoQueijo Br\u00e9sil<\/p>\n                <p>Quatre jours d&rsquo;immersion dans l&rsquo;univers du fromage artisanal, avec d\u00e9gustations, conf\u00e9rences, ateliers, concours international et bien plus encore.<\/p>\t\t\t\t\t\t\t\t<\/div>\n\t\t\t\t<\/div>\n\t\t<div class=\"elementor-element elementor-element-f20a81b e-con-full e-flex e-con e-child\" data-id=\"f20a81b\" data-element_type=\"container\" data-e-type=\"container\">\n\t\t\t\t<div class=\"elementor-element elementor-element-e6aa915 expo-text-reveal elementor-widget elementor-widget-text-editor\" data-id=\"e6aa915\" data-element_type=\"widget\" data-e-type=\"widget\" data-widget_type=\"text-editor.default\">\n\t\t\t\t\t\t\t\t\t<h3 style=\"font-family: DM Serif Display; font-size: 28px; margin-bottom: 16px;\">\u00c0 quoi s&rsquo;attendre<\/h3>\n                <ul style=\"list-style: none; padding: 0;\">\n                    <li style=\"padding: 8px 0; border-bottom: 1px solid rgba(0,0,0,0.1);\">\ud83e\uddc0 Concours International de Fromages<\/li>\n                    <li style=\"padding: 8px 0; border-bottom: 1px solid rgba(0,0,0,0.1);\">\ud83c\udf93 Forum de Connaissances et Ateliers<\/li>\n                    <li style=\"padding: 8px 0; border-bottom: 1px solid rgba(0,0,0,0.1);\">\ud83c\udfea Foire des Producteurs et Exposants<\/li>\n                    <li style=\"padding: 8px 0; border-bottom: 1px solid rgba(0,0,0,0.1);\">\ud83c\udf7d\ufe0f Village Gastronomique<\/li>\n                    <li style=\"padding: 8px 0;\">\ud83d\udcf8 Exp\u00e9riences Culturelles et Sensorielles<\/li>\n                <\/ul>\t\t\t\t\t\t\t\t<\/div>\n\t\t\t\t<\/div>\n\t\t\t\t\t<\/div>\n\t\t\t\t<\/div>\n\t\t<div class=\"elementor-element elementor-element-446ba6e e-con-boxed e-flex e-con e-parent\" data-id=\"446ba6e\" data-element_type=\"container\" data-e-type=\"container\" data-settings=\"{&quot;background_background&quot;:&quot;classic&quot;}\">\n\t\t\t\t\t<div class=\"e-con-inner\">\n\t\t\t\t<div class=\"elementor-element elementor-element-3af9b53 elementor-widget elementor-widget-heading\" data-id=\"3af9b53\" data-element_type=\"widget\" data-e-type=\"widget\" data-widget_type=\"heading.default\">\n\t\t\t\t\t<h2 class=\"elementor-heading-title elementor-size-default\">Participez \u00e0 la 6\u00e8me \u00c9dition<\/h2>\t\t\t\t<\/div>\n\t\t\t\t<div class=\"elementor-element elementor-element-8e2b3df elementor-align-center elementor-button-default expo-btn expo-btn-accent elementor-widget elementor-widget-button\" data-id=\"8e2b3df\" data-element_type=\"widget\" data-e-type=\"widget\" data-widget_type=\"button.default\">\n\t\t\t\t\t\t\t\t\t\t<a class=\"elementor-button elementor-button-link elementor-size-sm\" href=\"\/programacao\/\">\n\t\t\t\t\t\t<span class=\"elementor-button-content-wrapper\">\n\t\t\t\t\t\t\t\t\t<span class=\"elementor-button-text\">En savoir plus<\/span>\n\t\t\t\t\t<\/span>\n\t\t\t\t\t<\/a>\n\t\t\t\t\t\t\t\t<\/div>\n\t\t\t\t\t<\/div>\n\t\t\t\t<\/div>\n\t\t\t\t<\/div>\n\t\t","protected":false},"excerpt":{"rendered":"<p>ExpoQueijo Brasil 2026 \u2014 Le plus grand \u00e9v\u00e9nement de valorisation du fromage artisanal au monde. Du 25 au 28 juin \u00e0 Arax\u00e1, Minas Gerais.<\/p>\n","protected":false},"author":2,"featured_media":0,"parent":0,"menu_order":0,"comment_status":"closed","ping_status":"closed","template":"elementor_header_footer","meta":{"_acf_changed":false,"footnotes":""},"class_list":["post-659","page","type-page","status-publish","hentry"],"acf":[],"_links":{"self":[{"href":"https:\/\/expoqueijobrasil.com.br\/fr\/wp-json\/wp\/v2\/pages\/659","targetHints":{"allow":["GET"]}}],"collection":[{"href":"https:\/\/expoqueijobrasil.com.br\/fr\/wp-json\/wp\/v2\/pages"}],"about":[{"href":"https:\/\/expoqueijobrasil.com.br\/fr\/wp-json\/wp\/v2\/types\/page"}],"author":[{"embeddable":true,"href":"https:\/\/expoqueijobrasil.com.br\/fr\/wp-json\/wp\/v2\/users\/2"}],"replies":[{"embeddable":true,"href":"https:\/\/expoqueijobrasil.com.br\/fr\/wp-json\/wp\/v2\/comments?post=659"}],"version-history":[{"count":1,"href":"https:\/\/expoqueijobrasil.com.br\/fr\/wp-json\/wp\/v2\/pages\/659\/revisions"}],"predecessor-version":[{"id":660,"href":"https:\/\/expoqueijobrasil.com.br\/fr\/wp-json\/wp\/v2\/pages\/659\/revisions\/660"}],"wp:attachment":[{"href":"https:\/\/expoqueijobrasil.com.br\/fr\/wp-json\/wp\/v2\/media?parent=659"}],"curies":[{"name":"wp","href":"https:\/\/api.w.org\/{rel}","templated":true}]}}

Événement

<div data-elementor-type="wp-page" data-elementor-id="659" class="elementor elementor-659 elementor-15" data-elementor-post-type="page">
				<div class="elementor-element elementor-element-b6daa67 e-con-full e-flex e-con e-parent" data-id="b6daa67" data-element_type="container" data-e-type="container" data-settings="{&quot;background_background&quot;:&quot;classic&quot;}">
				<div class="elementor-element elementor-element-7af37e0 expo-text-reveal elementor-widget elementor-widget-heading" data-id="7af37e0" data-element_type="widget" data-e-type="widget" data-widget_type="heading.default">
					<h1 class="elementor-heading-title elementor-size-default">L'Événement</h1>				</div>
				<div class="elementor-element elementor-element-01fe658 expo-word-reveal elementor-widget elementor-widget-text-editor" data-id="01fe658" data-element_type="widget" data-e-type="widget" data-widget_type="text-editor.default">
									<p style="text-align:center; color: rgba(255,255,255,0.7); font-family: Montserrat; font-size: 16px; letter-spacing: 2px; text-transform: uppercase; margin-top: 16px;">ExpoQueijo Brésil 2026</p>								</div>
				</div>
		<div class="elementor-element elementor-element-ddd0b22 e-con-boxed e-flex e-con e-parent" data-id="ddd0b22" data-element_type="container" data-e-type="container" data-settings="{&quot;background_background&quot;:&quot;classic&quot;}">
					<div class="e-con-inner">
				<div class="elementor-element elementor-element-f097b58 expo-text-reveal elementor-widget elementor-widget-text-editor" data-id="f097b58" data-element_type="widget" data-e-type="widget" data-widget_type="text-editor.default">
									<h2 style="font-family: DM Serif Display; font-size: 36px; margin-bottom: 24px;">La plus grande célébration du fromage artisanal brésilien</h2>
<p>L&rsquo;ExpoQueijo Brésil est le plus grand événement dédié au fromage artisanal d&rsquo;Amérique latine. Lors de sa 6ème édition, l&rsquo;événement réunit producteurs, affineurs, chefs, sommeliers et amateurs de tout le Brésil et du monde entier.</p>
<p>Organisé dans l&#8217;emblématique Grand Hôtel Termas de Araxá, à Minas Gerais, l&rsquo;événement est une célébration de la culture, de la tradition et de l&rsquo;innovation du fromage artisanal brésilien.</p>								</div>
					</div>
				</div>
		<div class="elementor-element elementor-element-d8c46ab e-con-boxed e-flex e-con e-parent" data-id="d8c46ab" data-element_type="container" data-e-type="container" data-settings="{&quot;background_background&quot;:&quot;classic&quot;}">
					<div class="e-con-inner">
		<div class="elementor-element elementor-element-4221791 e-con-full e-flex e-con e-child" data-id="4221791" data-element_type="container" data-e-type="container">
				<div class="elementor-element elementor-element-4aeca71 expo-text-reveal elementor-widget elementor-widget-text-editor" data-id="4aeca71" data-element_type="widget" data-e-type="widget" data-widget_type="text-editor.default">
									<h3 style="font-family: DM Serif Display; font-size: 28px; margin-bottom: 16px;">25 au 28 juin 2026</h3>
                <p><strong>Lieu :</strong> Grand Hôtel Termas de Araxá<br>
                <strong>Ville :</strong> Araxá, Minas Gerais<br>
                <strong>Édition :</strong> 6ème ExpoQueijo Brésil</p>
                <p>Quatre jours d&rsquo;immersion dans l&rsquo;univers du fromage artisanal, avec dégustations, conférences, ateliers, concours international et bien plus encore.</p>								</div>
				</div>
		<div class="elementor-element elementor-element-f20a81b e-con-full e-flex e-con e-child" data-id="f20a81b" data-element_type="container" data-e-type="container">
				<div class="elementor-element elementor-element-e6aa915 expo-text-reveal elementor-widget elementor-widget-text-editor" data-id="e6aa915" data-element_type="widget" data-e-type="widget" data-widget_type="text-editor.default">
									<h3 style="font-family: DM Serif Display; font-size: 28px; margin-bottom: 16px;">À quoi s&rsquo;attendre</h3>
                <ul style="list-style: none; padding: 0;">
                    <li style="padding: 8px 0; border-bottom: 1px solid rgba(0,0,0,0.1);">🧀 Concours International de Fromages</li>
                    <li style="padding: 8px 0; border-bottom: 1px solid rgba(0,0,0,0.1);">🎓 Forum de Connaissances et Ateliers</li>
                    <li style="padding: 8px 0; border-bottom: 1px solid rgba(0,0,0,0.1);">🏪 Foire des Producteurs et Exposants</li>
                    <li style="padding: 8px 0; border-bottom: 1px solid rgba(0,0,0,0.1);">🍽️ Village Gastronomique</li>
                    <li style="padding: 8px 0;">📸 Expériences Culturelles et Sensorielles</li>
                </ul>								</div>
				</div>
					</div>
				</div>
		<div class="elementor-element elementor-element-446ba6e e-con-boxed e-flex e-con e-parent" data-id="446ba6e" data-element_type="container" data-e-type="container" data-settings="{&quot;background_background&quot;:&quot;classic&quot;}">
					<div class="e-con-inner">
				<div class="elementor-element elementor-element-3af9b53 elementor-widget elementor-widget-heading" data-id="3af9b53" data-element_type="widget" data-e-type="widget" data-widget_type="heading.default">
					<h2 class="elementor-heading-title elementor-size-default">Participez à la 6ème Édition</h2>				</div>
				<div class="elementor-element elementor-element-8e2b3df elementor-align-center elementor-button-default expo-btn expo-btn-accent elementor-widget elementor-widget-button" data-id="8e2b3df" data-element_type="widget" data-e-type="widget" data-widget_type="button.default">
										<a class="elementor-button elementor-button-link elementor-size-sm" href="/programacao/">
						<span class="elementor-button-content-wrapper">
									<span class="elementor-button-text">En savoir plus</span>
					</span>
					</a>
								</div>
					</div>
				</div>
				</div>

<p>ExpoQueijo Brasil 2026 — Le plus grand événement de valorisation du fromage artisanal au monde. Du 25 au 28 juin à Araxá, Minas Gerais.</p>
