{"id":604,"date":"2026-02-21T12:14:16","date_gmt":"2026-02-21T15:14:16","guid":{"rendered":"https:\/\/expoqueijobrasil.com.br\/a-feira\/"},"modified":"2026-03-14T09:57:02","modified_gmt":"2026-03-14T12:57:02","slug":"a-feira","status":"publish","type":"page","link":"https:\/\/expoqueijobrasil.com.br\/fr\/a-feira\/","title":{"rendered":"La Foire"},"content":{"rendered":"\t\t<div data-elementor-type=\"wp-page\" data-elementor-id=\"604\" class=\"elementor elementor-604 elementor-19\" data-elementor-post-type=\"page\">\n\t\t\t\t<div class=\"elementor-element elementor-element-4c6f50d e-con-full e-flex e-con e-parent\" data-id=\"4c6f50d\" data-element_type=\"container\" data-e-type=\"container\" data-settings=\"{&quot;background_background&quot;:&quot;classic&quot;}\">\n\t\t\t\t<div class=\"elementor-element elementor-element-4ac183a expo-text-reveal elementor-widget elementor-widget-heading\" data-id=\"4ac183a\" data-element_type=\"widget\" data-e-type=\"widget\" data-widget_type=\"heading.default\">\n\t\t\t\t\t<h1 class=\"elementor-heading-title elementor-size-default\">La Foire<\/h1>\t\t\t\t<\/div>\n\t\t\t\t<div class=\"elementor-element elementor-element-c1a9a6d expo-word-reveal elementor-widget elementor-widget-text-editor\" data-id=\"c1a9a6d\" data-element_type=\"widget\" data-e-type=\"widget\" data-widget_type=\"text-editor.default\">\n\t\t\t\t\t\t\t\t\t<p style=\"text-align:center; color: rgba(255,255,255,0.7); font-family: Montserrat; font-size: 16px; letter-spacing: 2px; text-transform: uppercase; margin-top: 16px;\">Exposition et Commercialisation<\/p>\t\t\t\t\t\t\t\t<\/div>\n\t\t\t\t<\/div>\n\t\t<div class=\"elementor-element elementor-element-63c7692 e-con-boxed e-flex e-con e-parent\" data-id=\"63c7692\" data-element_type=\"container\" data-e-type=\"container\" data-settings=\"{&quot;background_background&quot;:&quot;classic&quot;}\">\n\t\t\t\t\t<div class=\"e-con-inner\">\n\t\t\t\t<div class=\"elementor-element elementor-element-2df37f1 expo-text-reveal elementor-widget elementor-widget-text-editor\" data-id=\"2df37f1\" data-element_type=\"widget\" data-e-type=\"widget\" data-widget_type=\"text-editor.default\">\n\t\t\t\t\t\t\t\t\t<h2 style=\"font-family: DM Serif Display; font-size: 36px; margin-bottom: 24px;\">Foire des Producteurs<\/h2>\r\n                <p>La Foire de l&rsquo;ExpoQueijo est l&rsquo;espace o\u00f9 des producteurs de tout le Br\u00e9sil exposent et commercialisent leurs fromages artisanaux. Une opportunit\u00e9 unique pour d\u00e9guster, d\u00e9couvrir et acqu\u00e9rir les meilleurs fromages du pays.<\/p>\r\n                <p>En plus des fromages, la foire pr\u00e9sente des produits compl\u00e9mentaires tels que des confitures, du miel, des pains artisanaux, des vins et des bi\u00e8res artisanales.<\/p>\t\t\t\t\t\t\t\t<\/div>\n\t\t\t\t\t<\/div>\n\t\t\t\t<\/div>\n\t\t<div class=\"elementor-element elementor-element-4d982c0 e-con-boxed e-flex e-con e-parent\" data-id=\"4d982c0\" data-element_type=\"container\" data-e-type=\"container\" data-settings=\"{&quot;background_background&quot;:&quot;classic&quot;}\">\n\t\t\t\t\t<div class=\"e-con-inner\">\n\t\t\t\t<div class=\"elementor-element elementor-element-830d6c9 elementor-widget elementor-widget-heading\" data-id=\"830d6c9\" data-element_type=\"widget\" data-e-type=\"widget\" data-widget_type=\"heading.default\">\n\t\t\t\t\t<h2 class=\"elementor-heading-title elementor-size-default\">Devenez un exposant<\/h2>\t\t\t\t<\/div>\n\t\t\t\t<div class=\"elementor-element elementor-element-6f8b13e elementor-align-center elementor-button-default expo-btn expo-btn-accent elementor-widget elementor-widget-button\" data-id=\"6f8b13e\" data-element_type=\"widget\" data-e-type=\"widget\" data-widget_type=\"button.default\">\n\t\t\t\t\t\t\t\t\t\t<a class=\"elementor-button elementor-button-link elementor-size-sm\" href=\"\/contato\/\">\n\t\t\t\t\t\t<span class=\"elementor-button-content-wrapper\">\n\t\t\t\t\t\t\t\t\t<span class=\"elementor-button-text\">Contactez-nous<\/span>\n\t\t\t\t\t<\/span>\n\t\t\t\t\t<\/a>\n\t\t\t\t\t\t\t\t<\/div>\n\t\t\t\t\t<\/div>\n\t\t\t\t<\/div>\n\t\t\t\t<\/div>\n\t\t","protected":false},"excerpt":{"rendered":"<p>Foire Internationale des Affaires de l&rsquo;ExpoQueijo Br\u00e9sil 2026. Plus de 100 stands de producteurs et d&rsquo;entrepreneurs ruraux.<\/p>\n","protected":false},"author":2,"featured_media":0,"parent":0,"menu_order":4,"comment_status":"closed","ping_status":"closed","template":"elementor_header_footer","meta":{"_acf_changed":false,"footnotes":""},"class_list":["post-604","page","type-page","status-publish","hentry"],"acf":[],"_links":{"self":[{"href":"https:\/\/expoqueijobrasil.com.br\/fr\/wp-json\/wp\/v2\/pages\/604","targetHints":{"allow":["GET"]}}],"collection":[{"href":"https:\/\/expoqueijobrasil.com.br\/fr\/wp-json\/wp\/v2\/pages"}],"about":[{"href":"https:\/\/expoqueijobrasil.com.br\/fr\/wp-json\/wp\/v2\/types\/page"}],"author":[{"embeddable":true,"href":"https:\/\/expoqueijobrasil.com.br\/fr\/wp-json\/wp\/v2\/users\/2"}],"replies":[{"embeddable":true,"href":"https:\/\/expoqueijobrasil.com.br\/fr\/wp-json\/wp\/v2\/comments?post=604"}],"version-history":[{"count":3,"href":"https:\/\/expoqueijobrasil.com.br\/fr\/wp-json\/wp\/v2\/pages\/604\/revisions"}],"predecessor-version":[{"id":715,"href":"https:\/\/expoqueijobrasil.com.br\/fr\/wp-json\/wp\/v2\/pages\/604\/revisions\/715"}],"wp:attachment":[{"href":"https:\/\/expoqueijobrasil.com.br\/fr\/wp-json\/wp\/v2\/media?parent=604"}],"curies":[{"name":"wp","href":"https:\/\/api.w.org\/{rel}","templated":true}]}}

<div data-elementor-type="wp-page" data-elementor-id="604" class="elementor elementor-604 elementor-19" data-elementor-post-type="page">
				<div class="elementor-element elementor-element-4c6f50d e-con-full e-flex e-con e-parent" data-id="4c6f50d" data-element_type="container" data-e-type="container" data-settings="{&quot;background_background&quot;:&quot;classic&quot;}">
				<div class="elementor-element elementor-element-4ac183a expo-text-reveal elementor-widget elementor-widget-heading" data-id="4ac183a" data-element_type="widget" data-e-type="widget" data-widget_type="heading.default">
					<h1 class="elementor-heading-title elementor-size-default">La Foire</h1>				</div>
				<div class="elementor-element elementor-element-c1a9a6d expo-word-reveal elementor-widget elementor-widget-text-editor" data-id="c1a9a6d" data-element_type="widget" data-e-type="widget" data-widget_type="text-editor.default">
									<p style="text-align:center; color: rgba(255,255,255,0.7); font-family: Montserrat; font-size: 16px; letter-spacing: 2px; text-transform: uppercase; margin-top: 16px;">Exposition et Commercialisation</p>								</div>
				</div>
		<div class="elementor-element elementor-element-63c7692 e-con-boxed e-flex e-con e-parent" data-id="63c7692" data-element_type="container" data-e-type="container" data-settings="{&quot;background_background&quot;:&quot;classic&quot;}">
					<div class="e-con-inner">
				<div class="elementor-element elementor-element-2df37f1 expo-text-reveal elementor-widget elementor-widget-text-editor" data-id="2df37f1" data-element_type="widget" data-e-type="widget" data-widget_type="text-editor.default">
									<h2 style="font-family: DM Serif Display; font-size: 36px; margin-bottom: 24px;">Foire des Producteurs</h2>
                <p>La Foire de l&rsquo;ExpoQueijo est l&rsquo;espace où des producteurs de tout le Brésil exposent et commercialisent leurs fromages artisanaux. Une opportunité unique pour déguster, découvrir et acquérir les meilleurs fromages du pays.</p>
                <p>En plus des fromages, la foire présente des produits complémentaires tels que des confitures, du miel, des pains artisanaux, des vins et des bières artisanales.</p>								</div>
					</div>
				</div>
		<div class="elementor-element elementor-element-4d982c0 e-con-boxed e-flex e-con e-parent" data-id="4d982c0" data-element_type="container" data-e-type="container" data-settings="{&quot;background_background&quot;:&quot;classic&quot;}">
					<div class="e-con-inner">
				<div class="elementor-element elementor-element-830d6c9 elementor-widget elementor-widget-heading" data-id="830d6c9" data-element_type="widget" data-e-type="widget" data-widget_type="heading.default">
					<h2 class="elementor-heading-title elementor-size-default">Devenez un exposant</h2>				</div>
				<div class="elementor-element elementor-element-6f8b13e elementor-align-center elementor-button-default expo-btn expo-btn-accent elementor-widget elementor-widget-button" data-id="6f8b13e" data-element_type="widget" data-e-type="widget" data-widget_type="button.default">
										<a class="elementor-button elementor-button-link elementor-size-sm" href="/contato/">
						<span class="elementor-button-content-wrapper">
									<span class="elementor-button-text">Contactez-nous</span>
					</span>
					</a>
								</div>
					</div>
				</div>
				</div>

<p>Foire Internationale des Affaires de l&rsquo;ExpoQueijo Brésil 2026. Plus de 100 stands de producteurs et d&rsquo;entrepreneurs ruraux.</p>
