{"id":574,"date":"2026-02-21T12:14:16","date_gmt":"2026-02-21T15:14:16","guid":{"rendered":"https:\/\/expoqueijobrasil.com.br\/local-do-evento\/"},"modified":"2026-03-14T09:54:49","modified_gmt":"2026-03-14T12:54:49","slug":"local-do-evento","status":"publish","type":"page","link":"https:\/\/expoqueijobrasil.com.br\/es\/local-do-evento\/","title":{"rendered":"Lugar del Evento"},"content":{"rendered":"\t\t<div data-elementor-type=\"wp-page\" data-elementor-id=\"574\" class=\"elementor elementor-574 elementor-16\" data-elementor-post-type=\"page\">\n\t\t\t\t<div class=\"elementor-element elementor-element-87d0bca e-con-full e-flex e-con e-parent\" data-id=\"87d0bca\" data-element_type=\"container\" data-e-type=\"container\" data-settings=\"{&quot;background_background&quot;:&quot;classic&quot;}\">\n\t\t\t\t<div class=\"elementor-element elementor-element-38c0c98 expo-text-reveal elementor-widget elementor-widget-heading\" data-id=\"38c0c98\" data-element_type=\"widget\" data-e-type=\"widget\" data-widget_type=\"heading.default\">\n\t\t\t\t\t<h1 class=\"elementor-heading-title elementor-size-default\">Lugar del Evento<\/h1>\t\t\t\t<\/div>\n\t\t\t\t<div class=\"elementor-element elementor-element-1121eef expo-word-reveal elementor-widget elementor-widget-text-editor\" data-id=\"1121eef\" data-element_type=\"widget\" data-e-type=\"widget\" data-widget_type=\"text-editor.default\">\n\t\t\t\t\t\t\t\t\t<p style=\"text-align:center; color: rgba(255,255,255,0.7); font-family: Montserrat; font-size: 16px; letter-spacing: 2px; text-transform: uppercase; margin-top: 16px;\">Gran Hotel Termas de Arax\u00e1<\/p>\t\t\t\t\t\t\t\t<\/div>\n\t\t\t\t<\/div>\n\t\t<div class=\"elementor-element elementor-element-7356812 e-con-boxed e-flex e-con e-parent\" data-id=\"7356812\" data-element_type=\"container\" data-e-type=\"container\" data-settings=\"{&quot;background_background&quot;:&quot;classic&quot;}\">\n\t\t\t\t\t<div class=\"e-con-inner\">\n\t\t<div class=\"elementor-element elementor-element-073df74 e-con-full e-flex e-con e-child\" data-id=\"073df74\" data-element_type=\"container\" data-e-type=\"container\">\n\t\t\t\t<div class=\"elementor-element elementor-element-3e330ac expo-text-reveal elementor-widget elementor-widget-text-editor\" data-id=\"3e330ac\" data-element_type=\"widget\" data-e-type=\"widget\" data-widget_type=\"text-editor.default\">\n\t\t\t\t\t\t\t\t\t<h2 style=\"font-family: DM Serif Display; font-size: 36px; margin-bottom: 24px;\">Grande Hotel Termas de Arax\u00e1<\/h2>\n                <p>Uno de los hoteles m\u00e1s bellos e ic\u00f3nicos de Brasil, el Grande Hotel Termas de Arax\u00e1 es el escenario perfecto para la ExpoQueijo Brasil. Con su arquitectura imponente y jardines exuberantes, el hotel proporciona una experiencia \u00fanica a los participantes.<\/p>\n                <p><strong>Direcci\u00f3n:<\/strong> Est\u00e2ncia do Barreiro, s\/n \u2014 Arax\u00e1, MG<\/p>\t\t\t\t\t\t\t\t<\/div>\n\t\t\t\t<\/div>\n\t\t<div class=\"elementor-element elementor-element-8d9bbc9 e-con-full e-flex e-con e-child\" data-id=\"8d9bbc9\" data-element_type=\"container\" data-e-type=\"container\">\n\t\t\t\t<div class=\"elementor-element elementor-element-205b22c expo-text-reveal elementor-widget elementor-widget-text-editor\" data-id=\"205b22c\" data-element_type=\"widget\" data-e-type=\"widget\" data-widget_type=\"text-editor.default\">\n\t\t\t\t\t\t\t\t\t<h3 style=\"font-family: DM Serif Display; font-size: 28px; margin-bottom: 16px;\">Infraestructura<\/h3>\n                <p>El complejo termal ofrece espacios amplios para todas las actividades del evento, incluyendo \u00e1reas de exposici\u00f3n, salas para conferencias y talleres, y ambientes para degustaci\u00f3n.<\/p>\n                <p>La regi\u00f3n de Arax\u00e1 es reconocida como uno de los mayores polos productores de queso artesanal de Minas Gerais.<\/p>\t\t\t\t\t\t\t\t<\/div>\n\t\t\t\t<\/div>\n\t\t\t\t\t<\/div>\n\t\t\t\t<\/div>\n\t\t<div class=\"elementor-element elementor-element-ddb80bb e-con-boxed e-flex e-con e-parent\" data-id=\"ddb80bb\" data-element_type=\"container\" data-e-type=\"container\" data-settings=\"{&quot;background_background&quot;:&quot;classic&quot;}\">\n\t\t\t\t\t<div class=\"e-con-inner\">\n\t\t\t\t<div class=\"elementor-element elementor-element-ca06deb elementor-widget elementor-widget-heading\" data-id=\"ca06deb\" data-element_type=\"widget\" data-e-type=\"widget\" data-widget_type=\"heading.default\">\n\t\t\t\t\t<h2 class=\"elementor-heading-title elementor-size-default\">C\u00f3mo Llegar<\/h2>\t\t\t\t<\/div>\n\t\t\t\t<div class=\"elementor-element elementor-element-3b8caa0 elementor-align-center elementor-button-default expo-btn expo-btn-acento elementor-widget elementor-widget-button\" data-id=\"3b8caa0\" data-element_type=\"widget\" data-e-type=\"widget\" data-widget_type=\"button.default\">\n\t\t\t\t\t\t\t\t\t\t<a class=\"elementor-button elementor-button-link elementor-size-sm\" href=\"https:\/\/maps.google.com\/?q=Grande+Hotel+Termas+Araxa\">\n\t\t\t\t\t\t<span class=\"elementor-button-content-wrapper\">\n\t\t\t\t\t\t\t\t\t<span class=\"elementor-button-text\">Ver en el Mapa<\/span>\n\t\t\t\t\t<\/span>\n\t\t\t\t\t<\/a>\n\t\t\t\t\t\t\t\t<\/div>\n\t\t\t\t\t<\/div>\n\t\t\t\t<\/div>\n\t\t\t\t<\/div>\n\t\t","protected":false},"excerpt":{"rendered":"<p>Grande Hotel Termas de Arax\u00e1 \u2014 Lugar del ExpoQueijo Brasil 2026. Sepa c\u00f3mo llegar, transporte e informaci\u00f3n del lugar.<\/p>\n","protected":false},"author":2,"featured_media":0,"parent":0,"menu_order":1,"comment_status":"closed","ping_status":"closed","template":"elementor_header_footer","meta":{"_acf_changed":false,"footnotes":""},"class_list":["post-574","page","type-page","status-publish","hentry"],"acf":[],"_links":{"self":[{"href":"https:\/\/expoqueijobrasil.com.br\/es\/wp-json\/wp\/v2\/pages\/574","targetHints":{"allow":["GET"]}}],"collection":[{"href":"https:\/\/expoqueijobrasil.com.br\/es\/wp-json\/wp\/v2\/pages"}],"about":[{"href":"https:\/\/expoqueijobrasil.com.br\/es\/wp-json\/wp\/v2\/types\/page"}],"author":[{"embeddable":true,"href":"https:\/\/expoqueijobrasil.com.br\/es\/wp-json\/wp\/v2\/users\/2"}],"replies":[{"embeddable":true,"href":"https:\/\/expoqueijobrasil.com.br\/es\/wp-json\/wp\/v2\/comments?post=574"}],"version-history":[{"count":3,"href":"https:\/\/expoqueijobrasil.com.br\/es\/wp-json\/wp\/v2\/pages\/574\/revisions"}],"predecessor-version":[{"id":669,"href":"https:\/\/expoqueijobrasil.com.br\/es\/wp-json\/wp\/v2\/pages\/574\/revisions\/669"}],"wp:attachment":[{"href":"https:\/\/expoqueijobrasil.com.br\/es\/wp-json\/wp\/v2\/media?parent=574"}],"curies":[{"name":"wp","href":"https:\/\/api.w.org\/{rel}","templated":true}]}}

<div data-elementor-type="wp-page" data-elementor-id="574" class="elementor elementor-574 elementor-16" data-elementor-post-type="page">
				<div class="elementor-element elementor-element-87d0bca e-con-full e-flex e-con e-parent" data-id="87d0bca" data-element_type="container" data-e-type="container" data-settings="{&quot;background_background&quot;:&quot;classic&quot;}">
				<div class="elementor-element elementor-element-38c0c98 expo-text-reveal elementor-widget elementor-widget-heading" data-id="38c0c98" data-element_type="widget" data-e-type="widget" data-widget_type="heading.default">
					<h1 class="elementor-heading-title elementor-size-default">Lugar del Evento</h1>				</div>
				<div class="elementor-element elementor-element-1121eef expo-word-reveal elementor-widget elementor-widget-text-editor" data-id="1121eef" data-element_type="widget" data-e-type="widget" data-widget_type="text-editor.default">
									<p style="text-align:center; color: rgba(255,255,255,0.7); font-family: Montserrat; font-size: 16px; letter-spacing: 2px; text-transform: uppercase; margin-top: 16px;">Gran Hotel Termas de Araxá</p>								</div>
				</div>
		<div class="elementor-element elementor-element-7356812 e-con-boxed e-flex e-con e-parent" data-id="7356812" data-element_type="container" data-e-type="container" data-settings="{&quot;background_background&quot;:&quot;classic&quot;}">
					<div class="e-con-inner">
		<div class="elementor-element elementor-element-073df74 e-con-full e-flex e-con e-child" data-id="073df74" data-element_type="container" data-e-type="container">
				<div class="elementor-element elementor-element-3e330ac expo-text-reveal elementor-widget elementor-widget-text-editor" data-id="3e330ac" data-element_type="widget" data-e-type="widget" data-widget_type="text-editor.default">
									<h2 style="font-family: DM Serif Display; font-size: 36px; margin-bottom: 24px;">Grande Hotel Termas de Araxá</h2>
                <p>Uno de los hoteles más bellos e icónicos de Brasil, el Grande Hotel Termas de Araxá es el escenario perfecto para la ExpoQueijo Brasil. Con su arquitectura imponente y jardines exuberantes, el hotel proporciona una experiencia única a los participantes.</p>
                <p><strong>Dirección:</strong> Estância do Barreiro, s/n — Araxá, MG</p>								</div>
				</div>
		<div class="elementor-element elementor-element-8d9bbc9 e-con-full e-flex e-con e-child" data-id="8d9bbc9" data-element_type="container" data-e-type="container">
				<div class="elementor-element elementor-element-205b22c expo-text-reveal elementor-widget elementor-widget-text-editor" data-id="205b22c" data-element_type="widget" data-e-type="widget" data-widget_type="text-editor.default">
									<h3 style="font-family: DM Serif Display; font-size: 28px; margin-bottom: 16px;">Infraestructura</h3>
                <p>El complejo termal ofrece espacios amplios para todas las actividades del evento, incluyendo áreas de exposición, salas para conferencias y talleres, y ambientes para degustación.</p>
                <p>La región de Araxá es reconocida como uno de los mayores polos productores de queso artesanal de Minas Gerais.</p>								</div>
				</div>
					</div>
				</div>
		<div class="elementor-element elementor-element-ddb80bb e-con-boxed e-flex e-con e-parent" data-id="ddb80bb" data-element_type="container" data-e-type="container" data-settings="{&quot;background_background&quot;:&quot;classic&quot;}">
					<div class="e-con-inner">
				<div class="elementor-element elementor-element-ca06deb elementor-widget elementor-widget-heading" data-id="ca06deb" data-element_type="widget" data-e-type="widget" data-widget_type="heading.default">
					<h2 class="elementor-heading-title elementor-size-default">Cómo Llegar</h2>				</div>
				<div class="elementor-element elementor-element-3b8caa0 elementor-align-center elementor-button-default expo-btn expo-btn-acento elementor-widget elementor-widget-button" data-id="3b8caa0" data-element_type="widget" data-e-type="widget" data-widget_type="button.default">
										<a class="elementor-button elementor-button-link elementor-size-sm" href="https://maps.google.com/?q=Grande+Hotel+Termas+Araxa">
						<span class="elementor-button-content-wrapper">
									<span class="elementor-button-text">Ver en el Mapa</span>
					</span>
					</a>
								</div>
					</div>
				</div>
				</div>

<p>Grande Hotel Termas de Araxá — Lugar del ExpoQueijo Brasil 2026. Sepa cómo llegar, transporte e información del lugar.</p>
